{"id":3841,"date":"2026-04-08T17:39:24","date_gmt":"2026-04-08T15:39:24","guid":{"rendered":"https:\/\/bmitainepaysagiste.com\/?page_id=3841"},"modified":"2026-04-09T09:42:03","modified_gmt":"2026-04-09T07:42:03","slug":"public_rue-ovide","status":"publish","type":"page","link":"https:\/\/bmitainepaysagiste.com\/index.php\/public_rue-ovide\/","title":{"rendered":"Public_Rue Ovide"},"content":{"rendered":"\t\t<div data-elementor-type=\"wp-page\" data-elementor-id=\"3841\" class=\"elementor elementor-3841\">\n\t\t\t\t\t\t\t\t\t<section class=\"elementor-section elementor-top-section elementor-element elementor-element-406d2cc elementor-section-full_width elementor-section-height-default elementor-section-height-default\" data-id=\"406d2cc\" data-element_type=\"section\" data-settings=\"{&quot;background_background&quot;:&quot;classic&quot;}\">\n\t\t\t\t\t\t\t<div class=\"elementor-background-overlay\"><\/div>\n\t\t\t\t\t\t\t<div class=\"elementor-container elementor-column-gap-default\">\n\t\t\t\t\t<div class=\"elementor-column elementor-col-100 elementor-top-column elementor-element elementor-element-3affde4\" data-id=\"3affde4\" data-element_type=\"column\">\n\t\t\t<div class=\"elementor-widget-wrap elementor-element-populated\">\n\t\t\t\t\t\t\t\t<section class=\"elementor-section elementor-inner-section elementor-element elementor-element-d6121b4 elementor-section-full_width elementor-section-height-default elementor-section-height-default\" data-id=\"d6121b4\" data-element_type=\"section\">\n\t\t\t\t\t\t<div class=\"elementor-container elementor-column-gap-default\">\n\t\t\t\t\t<div class=\"elementor-column elementor-col-16 elementor-inner-column elementor-element elementor-element-77ea2fb\" data-id=\"77ea2fb\" data-element_type=\"column\">\n\t\t\t<div class=\"elementor-widget-wrap elementor-element-populated\">\n\t\t\t\t\t\t\t\t<div class=\"elementor-element elementor-element-cc92d38 elementor-view-default elementor-widget elementor-widget-icon\" data-id=\"cc92d38\" data-element_type=\"widget\" data-widget_type=\"icon.default\">\n\t\t\t\t<div class=\"elementor-widget-container\">\n\t\t\t\t\t<div class=\"elementor-icon-wrapper\">\n\t\t\t<a class=\"elementor-icon elementor-animation-shrink\" href=\"https:\/\/bmitainepaysagiste.com\/index.php\/paysagiste-concepteur-strasbourg_portfolio\/\">\n\t\t\t<i aria-hidden=\"true\" class=\"fas fa-th\"><\/i>\t\t\t<\/a>\n\t\t<\/div>\n\t\t\t\t<\/div>\n\t\t\t\t<\/div>\n\t\t\t\t\t<\/div>\n\t\t<\/div>\n\t\t\t\t<div class=\"elementor-column elementor-col-66 elementor-inner-column elementor-element elementor-element-dcdebb0\" data-id=\"dcdebb0\" data-element_type=\"column\">\n\t\t\t<div class=\"elementor-widget-wrap elementor-element-populated\">\n\t\t\t\t\t\t\t\t<div class=\"elementor-element elementor-element-f030bdc elementor-widget elementor-widget-heading\" data-id=\"f030bdc\" data-element_type=\"widget\" data-widget_type=\"heading.default\">\n\t\t\t\t<div class=\"elementor-widget-container\">\n\t\t\t<h1 class=\"elementor-heading-title elementor-size-default\">Espaces publics<\/h1>\t\t<\/div>\n\t\t\t\t<\/div>\n\t\t\t\t<div class=\"elementor-element elementor-element-8bd5ab1 elementor-widget elementor-widget-heading\" data-id=\"8bd5ab1\" data-element_type=\"widget\" data-widget_type=\"heading.default\">\n\t\t\t\t<div class=\"elementor-widget-container\">\n\t\t\t<h2 class=\"elementor-heading-title elementor-size-default\">D\u00e9min\u00e9ralisation de la rue Ovide dans le quartier Koenigshoffen \u00e0 Strasbourg (67)<\/h2>\t\t<\/div>\n\t\t\t\t<\/div>\n\t\t\t\t<div class=\"elementor-element elementor-element-39a57ed elementor-widget-divider--view-line elementor-widget elementor-widget-divider\" data-id=\"39a57ed\" data-element_type=\"widget\" data-widget_type=\"divider.default\">\n\t\t\t\t<div class=\"elementor-widget-container\">\n\t\t\t\t\t<div class=\"elementor-divider\">\n\t\t\t<span class=\"elementor-divider-separator\">\n\t\t\t\t\t\t<\/span>\n\t\t<\/div>\n\t\t\t\t<\/div>\n\t\t\t\t<\/div>\n\t\t\t\t\t<\/div>\n\t\t<\/div>\n\t\t\t\t<div class=\"elementor-column elementor-col-16 elementor-inner-column elementor-element elementor-element-2b74970\" data-id=\"2b74970\" data-element_type=\"column\">\n\t\t\t<div class=\"elementor-widget-wrap\">\n\t\t\t\t\t\t\t\t\t<\/div>\n\t\t<\/div>\n\t\t\t\t\t\t\t<\/div>\n\t\t<\/section>\n\t\t\t\t<section class=\"elementor-section elementor-inner-section elementor-element elementor-element-8d1402c elementor-section-boxed elementor-section-height-default elementor-section-height-default\" data-id=\"8d1402c\" data-element_type=\"section\">\n\t\t\t\t\t\t<div class=\"elementor-container elementor-column-gap-default\">\n\t\t\t\t\t<div class=\"elementor-column elementor-col-100 elementor-inner-column elementor-element elementor-element-3cce4bc\" data-id=\"3cce4bc\" data-element_type=\"column\">\n\t\t\t<div class=\"elementor-widget-wrap elementor-element-populated\">\n\t\t\t\t\t\t\t\t<div class=\"elementor-element elementor-element-cc2e85b elementor-widget elementor-widget-text-editor\" data-id=\"cc2e85b\" data-element_type=\"widget\" data-widget_type=\"text-editor.default\">\n\t\t\t\t<div class=\"elementor-widget-container\">\n\t\t\t\t\t\t\t<p><strong>Ma\u00eetrise d\u2019ouvrage : <\/strong>Eurom\u00e9tropole de Strasbourg + Ville de Strasbourg<br \/><strong>\u00c9quipe de ma\u00eetrise d&rsquo;<\/strong><b>\u0153uvre <\/b><strong>:<\/strong> TTK (mandataire) + B\u00e9n\u00e9dicte Mitaine (co-traitante)<br \/><strong>Lieu :<\/strong> Rue Ovide, Quartier Koenigshoffen, Strasbourg (67)<br \/><strong>Superficie : <\/strong>\u00a0970m\u00b2\u00a0 \/\u00a0 <strong>Budget :<\/strong>\u00a0 90 000 \u20acHT\u00a0 \/\u00a0 <strong>Mission :<\/strong> Ma\u00eetrise d\u2019\u0153uvre de base + ACI\u00a0 \/\u00a0 <strong>Livraison :<\/strong>\u00a0Livr\u00e9 en mars 2026<br \/><strong>Programme :\u00a0<\/strong>Cette op\u00e9ration tactique a pour objectif premier de d\u00e9min\u00e9raliser et de v\u00e9g\u00e9taliser l\u2019espace public, pour contribuer \u00e0 l\u2019adaptation de la ville face aux enjeux climatiques et participer \u00e0 la r\u00e9duction des \u00eelots de chaleur. Un second objectif du projet, qui d\u00e9coule du premier, est la s\u00e9curisation du parvis du coll\u00e8ge Twinger par rapport \u00e0 la circulation automobile qui restera en sens unique Est -&gt; Ouest.<br \/>La rue dans sa situation initiale pr\u00e9sentait un profil traditionnel 100% min\u00e9ral fait pour la voiture, sur lequel des essais d&rsquo;adaptation pour s\u00e9curiser les d\u00e9placements des nombreux \u00e9l\u00e8ves des \u00e9tablissements scolaires riverains s&rsquo;\u00e9taient traduits par un amoncellement de dispositifs visant \u00e0 cadrer et \u00e0 limiter la voiture.<br \/>L&rsquo;op\u00e9ration de d\u00e9min\u00e9ralisation permet ici de clarifier le mode de circulation des automobilistes et des cyclistes, tout en s\u00e9curisant les pi\u00e9tons gr\u00e2ce \u00e0 un trottoir \u00e9largi c\u00f4t\u00e9 coll\u00e8ge, \u00e9paul\u00e9 par de g\u00e9n\u00e9reux espaces v\u00e9g\u00e9talis\u00e9s. L\u00e9g\u00e8rement en creux, ce large espace plant\u00e9\u00a0r\u00e9cup\u00e8re les eaux pluviales du trottoir et d&rsquo;une partie de la voirie, tout en offrant une riche palette de plantes aromatiques et mellif\u00e8res.<\/p>\t\t\t\t\t\t<\/div>\n\t\t\t\t<\/div>\n\t\t\t\t\t<\/div>\n\t\t<\/div>\n\t\t\t\t\t\t\t<\/div>\n\t\t<\/section>\n\t\t\t\t<div class=\"elementor-element elementor-element-0b46b0f elementor-widget elementor-widget-spacer\" data-id=\"0b46b0f\" data-element_type=\"widget\" data-widget_type=\"spacer.default\">\n\t\t\t\t<div class=\"elementor-widget-container\">\n\t\t\t\t\t<div class=\"elementor-spacer\">\n\t\t\t<div class=\"elementor-spacer-inner\"><\/div>\n\t\t<\/div>\n\t\t\t\t<\/div>\n\t\t\t\t<\/div>\n\t\t\t\t\t<\/div>\n\t\t<\/div>\n\t\t\t\t\t\t\t<\/div>\n\t\t<\/section>\n\t\t\t\t<section class=\"elementor-section elementor-top-section elementor-element elementor-element-6ef8a57 elementor-section-full_width elementor-section-height-min-height elementor-section-items-stretch elementor-section-height-default\" data-id=\"6ef8a57\" data-element_type=\"section\" data-settings=\"{&quot;background_background&quot;:&quot;classic&quot;}\">\n\t\t\t\t\t\t<div class=\"elementor-container elementor-column-gap-default\">\n\t\t\t\t\t<div class=\"elementor-column elementor-col-100 elementor-top-column elementor-element elementor-element-8c36767\" data-id=\"8c36767\" data-element_type=\"column\">\n\t\t\t<div class=\"elementor-widget-wrap elementor-element-populated\">\n\t\t\t\t\t\t\t\t<div class=\"elementor-element elementor-element-69f8a09 elementor-arrows-position-outside elementor-pagination-position-outside elementor-widget elementor-widget-image-carousel\" data-id=\"69f8a09\" data-element_type=\"widget\" data-settings=\"{&quot;autoplay&quot;:&quot;no&quot;,&quot;image_spacing_custom&quot;:{&quot;unit&quot;:&quot;px&quot;,&quot;size&quot;:30,&quot;sizes&quot;:[]},&quot;slides_to_show&quot;:&quot;3&quot;,&quot;slides_to_scroll&quot;:&quot;1&quot;,&quot;infinite&quot;:&quot;no&quot;,&quot;slides_to_show_mobile&quot;:&quot;1&quot;,&quot;navigation&quot;:&quot;both&quot;,&quot;speed&quot;:500,&quot;image_spacing_custom_tablet&quot;:{&quot;unit&quot;:&quot;px&quot;,&quot;size&quot;:&quot;&quot;,&quot;sizes&quot;:[]}}\" data-widget_type=\"image-carousel.default\">\n\t\t\t\t<div class=\"elementor-widget-container\">\n\t\t\t\t\t<div class=\"elementor-image-carousel-wrapper swiper-container\" dir=\"ltr\">\n\t\t\t<div class=\"elementor-image-carousel swiper-wrapper swiper-image-stretch\" aria-live=\"polite\">\n\t\t\t\t\t\t\t\t<div class=\"swiper-slide\" role=\"group\" aria-roledescription=\"slide\" aria-label=\"1 sur 6\"><a data-elementor-open-lightbox=\"yes\" data-elementor-lightbox-slideshow=\"69f8a09\" data-e-action-hash=\"#elementor-action%3Aaction%3Dlightbox%26settings%3DeyJpZCI6Mzg3MCwidXJsIjoiaHR0cHM6XC9cL2JtaXRhaW5lcGF5c2FnaXN0ZS5jb21cL3dwLWNvbnRlbnRcL3VwbG9hZHNcLzIwMjZcLzA0XC9ldGF0LWluaXRpYWwtbG9nby0yLmpwZyIsInNsaWRlc2hvdyI6IjY5ZjhhMDkifQ%3D%3D\" href=\"https:\/\/bmitainepaysagiste.com\/wp-content\/uploads\/2026\/04\/etat-initial-logo-2.jpg\"><figure class=\"swiper-slide-inner\"><img decoding=\"async\" class=\"swiper-slide-image\" src=\"https:\/\/bmitainepaysagiste.com\/wp-content\/uploads\/elementor\/thumbs\/etat-initial-logo-2-rlpoa28vezavpv0lug26yjvs7mf5w2och8d22g0wog.jpg\" alt=\"\" \/><\/figure><\/a><\/div><div class=\"swiper-slide\" role=\"group\" aria-roledescription=\"slide\" aria-label=\"2 sur 6\"><a data-elementor-open-lightbox=\"yes\" data-elementor-lightbox-slideshow=\"69f8a09\" data-e-action-hash=\"#elementor-action%3Aaction%3Dlightbox%26settings%3DeyJpZCI6Mzg3MSwidXJsIjoiaHR0cHM6XC9cL2JtaXRhaW5lcGF5c2FnaXN0ZS5jb21cL3dwLWNvbnRlbnRcL3VwbG9hZHNcLzIwMjZcLzA0XC9ldGF0LWluaXRpYWwtc2l0ZS0xLmpwZyIsInNsaWRlc2hvdyI6IjY5ZjhhMDkifQ%3D%3D\" href=\"https:\/\/bmitainepaysagiste.com\/wp-content\/uploads\/2026\/04\/etat-initial-site-1.jpg\"><figure class=\"swiper-slide-inner\"><img decoding=\"async\" class=\"swiper-slide-image\" src=\"https:\/\/bmitainepaysagiste.com\/wp-content\/uploads\/elementor\/thumbs\/etat-initial-site-1-rlpoa36pltc61gz8oygtj1n8t0aj3rs2td0jjpzii8.jpg\" alt=\"\" \/><\/figure><\/a><\/div><div class=\"swiper-slide\" role=\"group\" aria-roledescription=\"slide\" aria-label=\"3 sur 6\"><a data-elementor-open-lightbox=\"yes\" data-elementor-lightbox-slideshow=\"69f8a09\" data-e-action-hash=\"#elementor-action%3Aaction%3Dlightbox%26settings%3DeyJpZCI6Mzg3MiwidXJsIjoiaHR0cHM6XC9cL2JtaXRhaW5lcGF5c2FnaXN0ZS5jb21cL3dwLWNvbnRlbnRcL3VwbG9hZHNcLzIwMjZcLzA0XC9waG90by1jaGFudGllci0xLmpwZyIsInNsaWRlc2hvdyI6IjY5ZjhhMDkifQ%3D%3D\" href=\"https:\/\/bmitainepaysagiste.com\/wp-content\/uploads\/2026\/04\/photo-chantier-1.jpg\"><figure class=\"swiper-slide-inner\"><img decoding=\"async\" class=\"swiper-slide-image\" src=\"https:\/\/bmitainepaysagiste.com\/wp-content\/uploads\/elementor\/thumbs\/photo-chantier-1-rlpoa52dzheqoowidza2o165zs19j5zjhmbii9wq5s.jpg\" alt=\"\" \/><\/figure><\/a><\/div><div class=\"swiper-slide\" role=\"group\" aria-roledescription=\"slide\" aria-label=\"4 sur 6\"><a data-elementor-open-lightbox=\"yes\" data-elementor-lightbox-slideshow=\"69f8a09\" data-e-action-hash=\"#elementor-action%3Aaction%3Dlightbox%26settings%3DeyJpZCI6Mzg2OSwidXJsIjoiaHR0cHM6XC9cL2JtaXRhaW5lcGF5c2FnaXN0ZS5jb21cL3dwLWNvbnRlbnRcL3VwbG9hZHNcLzIwMjZcLzA0XC8yNjAyMDlfYWxpZ25lbWVudC1hcmJyZXMtc2NhbGVkLWUxNzc1NjY1MzQxMTY3LmpwZyIsInNsaWRlc2hvdyI6IjY5ZjhhMDkifQ%3D%3D\" href=\"https:\/\/bmitainepaysagiste.com\/wp-content\/uploads\/2026\/04\/260209_alignement-arbres-scaled-e1775665341167.jpg\"><figure class=\"swiper-slide-inner\"><img decoding=\"async\" class=\"swiper-slide-image\" src=\"https:\/\/bmitainepaysagiste.com\/wp-content\/uploads\/elementor\/thumbs\/260209_alignement-arbres-scaled-e1775665341167-rlpoe226gmrr277pio8421lb3kqblrja106chs3o8g.jpg\" alt=\"\" \/><\/figure><\/a><\/div><div class=\"swiper-slide\" role=\"group\" aria-roledescription=\"slide\" aria-label=\"5 sur 6\"><a data-elementor-open-lightbox=\"yes\" data-elementor-lightbox-slideshow=\"69f8a09\" data-e-action-hash=\"#elementor-action%3Aaction%3Dlightbox%26settings%3DeyJpZCI6Mzg1MiwidXJsIjoiaHR0cHM6XC9cL2JtaXRhaW5lcGF5c2FnaXN0ZS5jb21cL3dwLWNvbnRlbnRcL3VwbG9hZHNcLzIwMjZcLzA0XC9waG90by1jaGFudGllci00LWUxNzc1NjY0ODA5NzM2LmpwZyIsInNsaWRlc2hvdyI6IjY5ZjhhMDkifQ%3D%3D\" href=\"https:\/\/bmitainepaysagiste.com\/wp-content\/uploads\/2026\/04\/photo-chantier-4-e1775664809736.jpg\"><figure class=\"swiper-slide-inner\"><img decoding=\"async\" class=\"swiper-slide-image\" src=\"https:\/\/bmitainepaysagiste.com\/wp-content\/uploads\/elementor\/thumbs\/photo-chantier-4-e1775664809736-rlpo0601grr7hne2mo2l7js32l71use2s9416kp46o.jpg\" alt=\"\" \/><\/figure><\/a><\/div><div class=\"swiper-slide\" role=\"group\" aria-roledescription=\"slide\" aria-label=\"6 sur 6\"><a data-elementor-open-lightbox=\"yes\" data-elementor-lightbox-slideshow=\"69f8a09\" data-e-action-hash=\"#elementor-action%3Aaction%3Dlightbox%26settings%3DeyJpZCI6Mzg2OCwidXJsIjoiaHR0cHM6XC9cL2JtaXRhaW5lcGF5c2FnaXN0ZS5jb21cL3dwLWNvbnRlbnRcL3VwbG9hZHNcLzIwMjZcLzA0XC9waG90by1jaGFudGllci01LmpwZyIsInNsaWRlc2hvdyI6IjY5ZjhhMDkifQ%3D%3D\" href=\"https:\/\/bmitainepaysagiste.com\/wp-content\/uploads\/2026\/04\/photo-chantier-5.jpg\"><figure class=\"swiper-slide-inner\"><img decoding=\"async\" class=\"swiper-slide-image\" src=\"https:\/\/bmitainepaysagiste.com\/wp-content\/uploads\/elementor\/thumbs\/photo-chantier-5-rlpo9xjogt4g3t7flw12432h8p2btl5osl3mo27vjk.jpg\" alt=\"\" \/><\/figure><\/a><\/div>\t\t\t<\/div>\n\t\t\t\t\t\t\t\t\t\t\t\t<div class=\"elementor-swiper-button elementor-swiper-button-prev\" role=\"button\" tabindex=\"0\">\n\t\t\t\t\t\t<i aria-hidden=\"true\" class=\"eicon-chevron-left\"><\/i>\t\t\t\t\t<\/div>\n\t\t\t\t\t<div class=\"elementor-swiper-button elementor-swiper-button-next\" role=\"button\" tabindex=\"0\">\n\t\t\t\t\t\t<i aria-hidden=\"true\" class=\"eicon-chevron-right\"><\/i>\t\t\t\t\t<\/div>\n\t\t\t\t\n\t\t\t\t\t\t\t\t\t<div class=\"swiper-pagination\"><\/div>\n\t\t\t\t\t\t\t\t\t<\/div>\n\t\t\t\t<\/div>\n\t\t\t\t<\/div>\n\t\t\t\t\t<\/div>\n\t\t<\/div>\n\t\t\t\t\t\t\t<\/div>\n\t\t<\/section>\n\t\t\t\t\t\t\t<\/div>\n\t\t","protected":false},"excerpt":{"rendered":"<p>Espaces publics D\u00e9min\u00e9ralisation de la rue Ovide dans le quartier Koenigshoffen \u00e0 Strasbourg (67) Ma\u00eetrise d\u2019ouvrage : Eurom\u00e9tropole de Strasbourg + Ville de Strasbourg\u00c9quipe de ma\u00eetrise d&rsquo;\u0153uvre : TTK (mandataire) + B\u00e9n\u00e9dicte Mitaine (co-traitante)Lieu : Rue Ovide, Quartier Koenigshoffen, Strasbourg (67)Superficie : \u00a0970m\u00b2\u00a0 \/\u00a0 Budget :\u00a0 90 000 \u20acHT\u00a0 \/\u00a0 Mission : Ma\u00eetrise d\u2019\u0153uvre de&#8230;<\/p>\n","protected":false},"author":2,"featured_media":0,"parent":0,"menu_order":0,"comment_status":"closed","ping_status":"closed","template":"","meta":{"_kad_post_transparent":"","_kad_post_title":"hide","_kad_post_layout":"fullwidth","_kad_post_sidebar_id":"","_kad_post_content_style":"unboxed","_kad_post_vertical_padding":"hide","_kad_post_feature":"hide","_kad_post_feature_position":"","_kad_post_header":false,"_kad_post_footer":false,"footnotes":""},"class_list":["post-3841","page","type-page","status-publish","hentry"],"_links":{"self":[{"href":"https:\/\/bmitainepaysagiste.com\/index.php\/wp-json\/wp\/v2\/pages\/3841","targetHints":{"allow":["GET"]}}],"collection":[{"href":"https:\/\/bmitainepaysagiste.com\/index.php\/wp-json\/wp\/v2\/pages"}],"about":[{"href":"https:\/\/bmitainepaysagiste.com\/index.php\/wp-json\/wp\/v2\/types\/page"}],"author":[{"embeddable":true,"href":"https:\/\/bmitainepaysagiste.com\/index.php\/wp-json\/wp\/v2\/users\/2"}],"replies":[{"embeddable":true,"href":"https:\/\/bmitainepaysagiste.com\/index.php\/wp-json\/wp\/v2\/comments?post=3841"}],"version-history":[{"count":16,"href":"https:\/\/bmitainepaysagiste.com\/index.php\/wp-json\/wp\/v2\/pages\/3841\/revisions"}],"predecessor-version":[{"id":3967,"href":"https:\/\/bmitainepaysagiste.com\/index.php\/wp-json\/wp\/v2\/pages\/3841\/revisions\/3967"}],"wp:attachment":[{"href":"https:\/\/bmitainepaysagiste.com\/index.php\/wp-json\/wp\/v2\/media?parent=3841"}],"curies":[{"name":"wp","href":"https:\/\/api.w.org\/{rel}","templated":true}]}}